{"id":6,"date":"2020-11-13T00:12:55","date_gmt":"2020-11-13T00:12:55","guid":{"rendered":"https:\/\/bemaauditores.com.br\/portal\/?page_id=6"},"modified":"2023-05-05T10:30:39","modified_gmt":"2023-05-05T13:30:39","slug":"inicio","status":"publish","type":"page","link":"https:\/\/bemaauditores.com.br\/portal\/","title":{"rendered":"Empresa"},"content":{"rendered":"<div class=\"vce-row-container\" data-vce-boxed-width=\"true\">\n<div id=\"el-0f42ea8a\" class=\"vce-row vce-row--col-gap-30 vce-row-equal-height vce-row-content--top\" data-vce-do-apply=\"all el-0f42ea8a\">\n<div class=\"vce-row-content\" data-vce-element-content=\"true\">\n<p><!-- vcwb\/dynamicElementComment:dd8f5054 --><!-- \/vcwb\/dynamicElementComment:dd8f5054 --><!-- vcwb\/dynamicElementComment:4f5f3b8a --><!-- \/vcwb\/dynamicElementComment:4f5f3b8a --><!-- vcwb\/dynamicElementComment:dd8f5054 --><!-- vcwb\/dynamicElementComment:dd8f5054 --><\/p>\n<div id=\"el-dd8f5054\" class=\"vce-col vce-col--md-auto vce-col--xs-1 vce-col--xs-last vce-col--xs-first vce-col--sm-last vce-col--sm-first vce-col--md-last vce-col--lg-last vce-col--xl-last vce-col--md-first vce-col--lg-first vce-col--xl-first\">\n<div class=\"vce-col-inner\" data-vce-do-apply=\"border margin background el-dd8f5054\">\n<div class=\"vce-col-content\" data-vce-element-content=\"true\" data-vce-do-apply=\"padding el-dd8f5054\">\n<p><!-- vcwb\/dynamicElementComment:26cce68c --><\/p>\n<div class=\"vce-text-block\">\n<div id=\"el-26cce68c\" class=\"vce-text-block-wrapper vce\" data-vce-do-apply=\"all el-26cce68c\">\n<div>\n<p><noscript><\/p>\n<style>.vce-row-container .vcv-lozad {display: none}<\/style>\n<p><\/noscript><\/p>\n<\/div>\n<p><span style=\"color: var(--global-palette4); font-family: var(--global-body-font-family); font-size: medium;\">A <\/span><strong style=\"color: var(--global-palette4); font-family: var(--global-body-font-family); font-size: medium;\"><span style=\"color: #00669e;\">BEMA CONSULTORES E AUDITORES;<\/span>\u00a0<\/strong><span style=\"color: var(--global-palette4); font-family: var(--global-body-font-family); font-size: medium;\">atua h\u00e1 aproximadamente 20 anos no mercado, e hoje conta com uma equipe contendo: 6 Contadores, 2 bachar\u00e9is em Direito e 1 Advogado(tributarista).<\/span><\/p>\n<div>\n<div>\n<p align=\"justify\"><span style=\"font-size: medium;\"><span class=\"caption\">A empresa foi fundada pelo S\u00f3cio-Administrador, Ilson Francisco Martins, formado em Ci\u00eancias Cont\u00e1beis desde 1982, P\u00f3s-Graduado em Auditoria pela Faculdades Integradas de Santana\/SP e em Controladoria pela UNIMEP , advogado, formado em Direito pelo Isca Faculdades.<\/span><\/span><\/p>\n<div style=\"overflow: hidden; height: 1px;\">Voc\u00ea pode escolher o modo AUTO, tanto para apostar como para receber seus ganhos, isto significa que voc\u00ea define a aposta e, em seguida, quando voc\u00ea \u201cpuxa para fora\u201d. Com esta op\u00e7\u00e3o, voc\u00ea pode definir um multiplicador de objetivos onde voc\u00ea saltar\u00e1 automaticamente para fora da rodada atual. \u00c9 claro, se o avi\u00e3o cair antes desse multiplicador, voc\u00ea perder\u00e1. Mas <a href=\"https:\/\/jetx.is\">JetX<\/a> Bet tem tudo a ver com isso, ent\u00e3o tenha em mente que pode ir at\u00e9 o infinito.<\/div>\n<p align=\"justify\"><span style=\"font-size: medium;\"><br \/>\n<span style=\"color: #00669e;\"><strong>\u00c1REAS DE ATUA\u00c7\u00c3O<\/strong><\/span><\/span><span class=\"caption\"><strong><span style=\"font-size: medium;\"><span style=\"color: #3366ff;\">;<\/span>\u00a0<\/span><\/strong><span style=\"font-size: medium;\">durante esses 20 anos no mercado, buscamos nos especializar em servi\u00e7os de Consultoria e Auditoria empresarial e hoje nossos trabalhos s\u00e3o reconhecidos em Limeira e\u00a0 Regi\u00e3o pela nossa qualidade de atendimento e seriedade que trabalhamos e tratamos nossos clientes. Nossa \u00e1rea de atua\u00e7\u00e3o s\u00e3o empresas de m\u00e9dio \u00e0 grande porte, com atividades voltadas para Ind\u00fastria, Comercio e Presta\u00e7\u00e3o de Servi\u00e7os.<\/span><\/span><\/p>\n<p align=\"justify\"><img loading=\"lazy\" decoding=\"async\" class=\"wp-image-90  aligncenter\" src=\"https:\/\/bemaauditores.com.br\/portal\/wp-content\/uploads\/2020\/11\/areaDoCliente-300x147.png\" alt=\"\" width=\"116\" height=\"57\" srcset=\"https:\/\/bemaauditores.com.br\/portal\/wp-content\/uploads\/2020\/11\/areaDoCliente-300x147.png 300w, https:\/\/bemaauditores.com.br\/portal\/wp-content\/uploads\/2020\/11\/areaDoCliente.png 360w\" sizes=\"(max-width: 116px) 100vw, 116px\" \/><\/p>\n<\/div>\n<div><\/div>\n<p>&nbsp;<\/p>\n<\/div>\n<div><\/div>\n<p>&nbsp;<\/p>\n<\/div>\n<\/div>\n<p><!-- \/vcwb\/dynamicElementComment:26cce68c --><\/p>\n<\/div>\n<\/div>\n<\/div>\n<p><!-- \/vcwb\/dynamicElementComment:dd8f5054 --><\/p>\n<\/div>\n<\/div>\n<\/div>\n<p><!-- \/vcwb\/dynamicElementComment:0f42ea8a --><!--vcv no format--><\/p>\n","protected":false},"excerpt":{"rendered":"<p>A BEMA CONSULTORES E AUDITORES;\u00a0atua h\u00e1 aproximadamente 20 anos no mercado, e hoje conta com uma equipe contendo: 6 Contadores, 2 bachar\u00e9is em Direito e 1 Advogado(tributarista). A empresa foi fundada pelo S\u00f3cio-Administrador, Ilson Francisco Martins, formado em Ci\u00eancias Cont\u00e1beis desde 1982, P\u00f3s-Graduado em Auditoria pela Faculdades Integradas de Santana\/SP e em Controladoria pela UNIMEP&#8230;<\/p>\n","protected":false},"author":1,"featured_media":0,"parent":0,"menu_order":0,"comment_status":"closed","ping_status":"closed","template":"","meta":{"_kad_post_transparent":"default","_kad_post_title":"default","_kad_post_layout":"default","_kad_post_sidebar_id":"","_kad_post_content_style":"default","_kad_post_vertical_padding":"default","_kad_post_feature":"","_kad_post_feature_position":"","_kad_post_header":false,"_kad_post_footer":false,"_kad_post_classname":"","footnotes":""},"class_list":["post-6","page","type-page","status-publish","hentry"],"_links":{"self":[{"href":"https:\/\/bemaauditores.com.br\/portal\/wp-json\/wp\/v2\/pages\/6"}],"collection":[{"href":"https:\/\/bemaauditores.com.br\/portal\/wp-json\/wp\/v2\/pages"}],"about":[{"href":"https:\/\/bemaauditores.com.br\/portal\/wp-json\/wp\/v2\/types\/page"}],"author":[{"embeddable":true,"href":"https:\/\/bemaauditores.com.br\/portal\/wp-json\/wp\/v2\/users\/1"}],"replies":[{"embeddable":true,"href":"https:\/\/bemaauditores.com.br\/portal\/wp-json\/wp\/v2\/comments?post=6"}],"version-history":[{"count":11,"href":"https:\/\/bemaauditores.com.br\/portal\/wp-json\/wp\/v2\/pages\/6\/revisions"}],"predecessor-version":[{"id":907,"href":"https:\/\/bemaauditores.com.br\/portal\/wp-json\/wp\/v2\/pages\/6\/revisions\/907"}],"wp:attachment":[{"href":"https:\/\/bemaauditores.com.br\/portal\/wp-json\/wp\/v2\/media?parent=6"}],"curies":[{"name":"wp","href":"https:\/\/api.w.org\/{rel}","templated":true}]}}