{"id":12,"date":"2020-11-13T00:15:16","date_gmt":"2020-11-13T00:15:16","guid":{"rendered":"https:\/\/bemaauditores.com.br\/portal\/?page_id=12"},"modified":"2020-11-13T00:15:16","modified_gmt":"2020-11-13T00:15:16","slug":"execucao-de-servicos","status":"publish","type":"page","link":"https:\/\/bemaauditores.com.br\/portal\/execucao-de-servicos\/","title":{"rendered":"Execu\u00e7\u00e3o de Servi\u00e7os"},"content":{"rendered":"<p style=\"font-weight: 400;\"><strong style=\"font-weight: 400;\">S\u00f3cietario:\u00a0<\/strong><\/p>\n<p style=\"font-weight: 400;\"><strong style=\"font-weight: 400;\">&#8211; A<\/strong>bertura de empresas de todos portes em todos os \u00f3rg\u00e3os competentes.<\/p>\n<p style=\"font-weight: 400;\">&#8211; Servi\u00e7os de altera\u00e7\u00e3o de contratos sociais e de cis\u00f5es, fus\u00f5es e incorpora\u00e7\u00f5es de sociedades.\n<\/p>\n<p style=\"font-weight: 400;\"><strong style=\"font-weight: 400;\">Contabilidade:<\/strong><\/p>\n<p style=\"font-weight: 400;\">&#8211;\u00a0Realizamos a escritura\u00e7\u00e3o cont\u00e1bil de acordo com as normas, legisla\u00e7\u00e3o e principios contabeis vigentes.<\/p>\n<p style=\"font-weight: 400;\">&#8211; Emiss\u00e3o de balancetes e relat\u00f3rios\u00a0gerenciais para\u00a0demonstrar ao cliente a atual e real situa\u00e7\u00e3o da sua empresa.<\/p>\n<p style=\"font-weight: 400;\">\u00a0&#8211; Entrega de todas as declara\u00e7\u00f5es necess\u00e1rias ao fisco nos prazos e datas previstos por ele; DCTF, DIRF, DITR,\u00a0DACON, DIPJ, Declara\u00e7\u00e3o do Simples, entre outras.\n<\/p>\n<p style=\"font-weight: 400;\"><strong style=\"font-weight: 400;\">Escritura\u00e7\u00e3o Fiscal:\u00a0<\/strong><\/p>\n<p style=\"font-weight: 400;\"><strong style=\"font-weight: 400;\">&#8211; E<\/strong>scritura\u00e7\u00e3o de Documentos Fiscais da empresa.<\/p>\n<p style=\"font-weight: 400;\">&#8211; Apura\u00e7\u00e3o e emiss\u00e3o de\u00a0Guias de pagamentos de Impostos e Contribui\u00e7\u00f5es: Federais, Estaduais e Municipais.<\/p>\n<p style=\"font-weight: 400;\">&#8211;\u00a0Orienta\u00e7\u00e3o ao cliente de todas as opera\u00e7\u00f5es com Notas Fiscais.<\/p>\n<p style=\"font-weight: 400;\">&#8211; Atendimento de eventuais procedimentos de fiscaliza\u00e7\u00e3o tributaria.<\/p>\n<p style=\"font-weight: 400;\">\n<p style=\"font-weight: 400;\"><strong style=\"font-weight: 400;\">Recursos Humanos:<\/strong><\/p>\n<p style=\"font-weight: 400;\">&#8211; Elabora\u00e7\u00e3o de folha de pagamento.<\/p>\n<p style=\"font-weight: 400;\">&#8211; Manuten\u00e7\u00e3o dos registros de funcion\u00e1rios.<\/p>\n<p style=\"font-weight: 400;\">&#8211; Emiss\u00e3o de Guias de Recolhimento de INSS, FGTS e IRRF.<\/p>\n<p style=\"font-weight: 400;\">&#8211; Orienta\u00e7\u00e3o\u00a0diaria para\u00a0todas as decis\u00f5es tomadas pelo cliente na \u00e1rea trabalhista.<\/p>\n<p style=\"font-weight: 400;\">&#8211;\u00a0Acompanhamento de processos trabalhistas.<\/p>\n<p style=\"font-weight: 400;\">&#8211; Atendimento de eventuais\u00a0procedimentos de fiscaliza\u00e7\u00e3o.<\/p>\n","protected":false},"excerpt":{"rendered":"<p>S\u00f3cietario:\u00a0 &#8211; Abertura de empresas de todos portes em todos os \u00f3rg\u00e3os competentes. &#8211; Servi\u00e7os de altera\u00e7\u00e3o de contratos sociais e de cis\u00f5es, fus\u00f5es e incorpora\u00e7\u00f5es de sociedades. Contabilidade: &#8211;\u00a0Realizamos a escritura\u00e7\u00e3o cont\u00e1bil de acordo com as normas, legisla\u00e7\u00e3o e principios contabeis vigentes. &#8211; Emiss\u00e3o de balancetes e relat\u00f3rios\u00a0gerenciais para\u00a0demonstrar ao cliente a atual e&#8230;<\/p>\n","protected":false},"author":1,"featured_media":0,"parent":0,"menu_order":0,"comment_status":"closed","ping_status":"closed","template":"","meta":{"_kad_post_transparent":"","_kad_post_title":"","_kad_post_layout":"","_kad_post_sidebar_id":"","_kad_post_content_style":"","_kad_post_vertical_padding":"","_kad_post_feature":"","_kad_post_feature_position":"","_kad_post_header":false,"_kad_post_footer":false,"_kad_post_classname":"","footnotes":""},"class_list":["post-12","page","type-page","status-publish","hentry"],"_links":{"self":[{"href":"https:\/\/bemaauditores.com.br\/portal\/wp-json\/wp\/v2\/pages\/12"}],"collection":[{"href":"https:\/\/bemaauditores.com.br\/portal\/wp-json\/wp\/v2\/pages"}],"about":[{"href":"https:\/\/bemaauditores.com.br\/portal\/wp-json\/wp\/v2\/types\/page"}],"author":[{"embeddable":true,"href":"https:\/\/bemaauditores.com.br\/portal\/wp-json\/wp\/v2\/users\/1"}],"replies":[{"embeddable":true,"href":"https:\/\/bemaauditores.com.br\/portal\/wp-json\/wp\/v2\/comments?post=12"}],"version-history":[{"count":1,"href":"https:\/\/bemaauditores.com.br\/portal\/wp-json\/wp\/v2\/pages\/12\/revisions"}],"predecessor-version":[{"id":13,"href":"https:\/\/bemaauditores.com.br\/portal\/wp-json\/wp\/v2\/pages\/12\/revisions\/13"}],"wp:attachment":[{"href":"https:\/\/bemaauditores.com.br\/portal\/wp-json\/wp\/v2\/media?parent=12"}],"curies":[{"name":"wp","href":"https:\/\/api.w.org\/{rel}","templated":true}]}}