{"id":10,"date":"2020-11-13T00:14:28","date_gmt":"2020-11-13T00:14:28","guid":{"rendered":"https:\/\/bemaauditores.com.br\/portal\/?page_id=10"},"modified":"2020-11-13T00:14:28","modified_gmt":"2020-11-13T00:14:28","slug":"auditoria","status":"publish","type":"page","link":"https:\/\/bemaauditores.com.br\/portal\/auditoria\/","title":{"rendered":"Auditoria"},"content":{"rendered":"<p style=\"font-weight: 400;\">Os servi\u00e7os de Auditoria s\u00e3o realizados em nosso escrit\u00f3rio ou na empresa contratante, e tem o intuito de analisar o exerc\u00edcio social da empresa, para demonstrar ao empres\u00e1rio atrav\u00e9s de relat\u00f3rios sua situa\u00e7\u00e3o atual e suas perspectivas futuras.<\/p>\n<p style=\"font-weight: 400;\"><strong>Auditoria do exerc\u00edcio:<\/strong><\/p>\n<p style=\"font-weight: 400;\"><strong>\u00a0<\/strong>O trabalho de auditoria cont\u00e1bil consistira na verifica\u00e7\u00e3o dos procedimentos cont\u00e1beis adotados segundo as normas das legisla\u00e7\u00f5es comerciais, tribut\u00e1rias e dos Princ\u00edpios Fundamentais de Contabilidade, bem como da elabora\u00e7\u00e3o dos Demonstrativos Cont\u00e1beis.<\/p>\n<p style=\"font-weight: 400;\">&#8211; Auditoria na parte financeira, contas a pagar, a receber, financiamentos&#8230;<\/p>\n<p style=\"font-weight: 400;\">&#8211; An\u00e1lise do Balan\u00e7o e nas Demonstra\u00e7\u00f5es Financeiras do exerc\u00edcio;<\/p>\n<p style=\"font-weight: 400;\">&#8211; Auditoria na folha de pagamento e nos registros de funcion\u00e1rios;<\/p>\n<p style=\"font-weight: 400;\">&#8211; Auditoria nos recolhimentos de impostos do exerc\u00edcio;<\/p>\n<p style=\"font-weight: 400;\">&#8211; Auditoria nas declara\u00e7\u00f5es entregues a Receita Federal: Declara\u00e7\u00e3o de Imposto de Renda de Pessoa Jur\u00eddica, DCTF,DACON,DIRF,IRPF.<\/p>\n<p style=\"font-weight: 400;\">&#8211; Elabora\u00e7\u00e3o de relat\u00f3rio circunstanciado de auditoria do exerc\u00edcio;<\/p>\n<p style=\"font-weight: 400;\">&#8211; Emiss\u00e3o de Parecer de Auditoria sobre as Demonstra\u00e7\u00f5es Cont\u00e1beis do exerc\u00edcio, assinado e registrado pelo Auditor Independente.<\/p>\n","protected":false},"excerpt":{"rendered":"<p>Os servi\u00e7os de Auditoria s\u00e3o realizados em nosso escrit\u00f3rio ou na empresa contratante, e tem o intuito de analisar o exerc\u00edcio social da empresa, para demonstrar ao empres\u00e1rio atrav\u00e9s de relat\u00f3rios sua situa\u00e7\u00e3o atual e suas perspectivas futuras. Auditoria do exerc\u00edcio: \u00a0O trabalho de auditoria cont\u00e1bil consistira na verifica\u00e7\u00e3o dos procedimentos cont\u00e1beis adotados segundo as&#8230;<\/p>\n","protected":false},"author":1,"featured_media":0,"parent":0,"menu_order":0,"comment_status":"closed","ping_status":"closed","template":"","meta":{"_kad_post_transparent":"","_kad_post_title":"","_kad_post_layout":"","_kad_post_sidebar_id":"","_kad_post_content_style":"","_kad_post_vertical_padding":"","_kad_post_feature":"","_kad_post_feature_position":"","_kad_post_header":false,"_kad_post_footer":false,"_kad_post_classname":"","footnotes":""},"class_list":["post-10","page","type-page","status-publish","hentry"],"_links":{"self":[{"href":"https:\/\/bemaauditores.com.br\/portal\/wp-json\/wp\/v2\/pages\/10"}],"collection":[{"href":"https:\/\/bemaauditores.com.br\/portal\/wp-json\/wp\/v2\/pages"}],"about":[{"href":"https:\/\/bemaauditores.com.br\/portal\/wp-json\/wp\/v2\/types\/page"}],"author":[{"embeddable":true,"href":"https:\/\/bemaauditores.com.br\/portal\/wp-json\/wp\/v2\/users\/1"}],"replies":[{"embeddable":true,"href":"https:\/\/bemaauditores.com.br\/portal\/wp-json\/wp\/v2\/comments?post=10"}],"version-history":[{"count":1,"href":"https:\/\/bemaauditores.com.br\/portal\/wp-json\/wp\/v2\/pages\/10\/revisions"}],"predecessor-version":[{"id":11,"href":"https:\/\/bemaauditores.com.br\/portal\/wp-json\/wp\/v2\/pages\/10\/revisions\/11"}],"wp:attachment":[{"href":"https:\/\/bemaauditores.com.br\/portal\/wp-json\/wp\/v2\/media?parent=10"}],"curies":[{"name":"wp","href":"https:\/\/api.w.org\/{rel}","templated":true}]}}